alculate the highest common divisor of 23881 and 39.
13
What is the greatest common divisor of 1188 and 87021?
297
Calculate the greatest common factor of 3965 and 195.
65
Calculate the highest common divisor of 350360 and 50.
10
What is the highest common factor of 7047 and 1044?
261
Calculate the greatest common divisor of 5687 and 481844.
517
Calculate the greatest common factor of 384 and 54.
6
What is the highest common factor of 1264 and 151364?
316
Calculate the greatest common factor of 2205807 and 477.
159
Calculate the greatest common divisor of 16268 and 2158.
166
What is the highest common divisor of 11439 and 1377?
9
Calculate the highest common divisor of 2304 and 28224.
576
Calculate the highest common divisor of 1720 and 125775.
215
What is the highest common divisor of 76941 and 18?
9
Calculate the highest common factor of 1808 and 7504.
16
Calculate the highest common factor of 19823 and 688.
43
Calculate the highest common factor of 110 and 2387.
11
What is the highest common divisor of 51 and 7684?
17
What is the greatest common factor of 14 and 4369414?
14
What is the highest common divisor of 1856 and 47966?
58
Calculate the highest common divisor of 29960 and 42.
14
What is the greatest common factor of 24 and 1213788?
12
Calculate the highest common divisor of 21 and 566454.
21
Calculate the highest common factor of 123144 and 1302.
42
Calculate the greatest common divisor of 650 and 9140.
10
What is the highest common divisor of 54 and 72342?
18
What is the greatest common factor of 135 and 129015?
45
Calculate the greatest common divisor of 162 and 104166.
162
What is the greatest common divisor of 41377 and 5934?
23
What is the greatest common divisor of 56694 and 66?
66
What is the greatest common divisor of 140 and 53030?
10
What is the highest common divisor of 970794 and 33?
33
Calculate the greatest common factor of 88245 and 512820.
1665
What is the highest common divisor of 340 and 22460?
20
Calculate the highest common divisor of 332 and 673462.
166
What is the greatest common divisor of 10117 and 151?
151
What is the greatest common divisor of 1537254 and 902?
82
Calculate the greatest common factor of 20678 and 1470.
98
What is the greatest common factor of 180 and 4041?
9
Calculate the greatest common factor of 213 and 3686107.
71
What is the highest common factor of 68347 and 328?
41
What is the greatest common factor of 10749 and 45?
3
Calculate the highest common factor of 437 and 22103.
23
What is the highest common divisor of 952 and 1064?
56
What is the highest common divisor of 78550 and 700?
50
What is the greatest common divisor of 616 and 323576?
88
Calculate the greatest common factor of 7514 and 3380.
26
Calculate the greatest common factor of 1632800 and 942.
314
What is the greatest common factor of 24225 and 30039?
969
Calculate the greatest common factor of 5542732 and 52.
52
Calculate the highest common divisor of 48440 and 17080.
280
What is the greatest common factor of 17504 and 512?
32
What is the greatest common factor of 8 and 606664?
8
Calculate the greatest common factor of 32 and 58904.
8
Calculate the highest common divisor of 6480 and 808.
8
What is the highest common divisor of 210271 and 111?
37
What is the greatest common factor of 11342 and 187892?
214
Calculate the greatest common divisor of 56211 and 2829.
123
What is the highest common divisor of 921 and 893677?
307
What is the highest common factor of 4825 and 414371?
193
Calculate the greatest common factor of 984 and 888.
24
Calculate the highest common factor of 100728 and 1080.
72
What is the highest common factor of 3510 and 122499?
351
What is the greatest common factor of 34 and 511768?
34
What is the highest common factor of 817 and 931?
19
What is the highest common factor of 44981 and 31?
31
What is the highest common factor of 28 and 1841308?
28
What is the greatest common factor of 30720 and 540?
60
What is the highest common divisor of 3978 and 44013?
51
What is the greatest common divisor of 4780 and 143639?
239
What is the greatest common factor of 34685 and 3185?
35
Calculate the greatest common factor of 132 and 1964.
4
Calculate the greatest common factor of 1170 and 4203.
9
Calculate the highest common factor of 105 and 29169.
21
Calculate the highest common divisor of 152 and 67013.
19
What is the greatest common factor of 1234983 and 1266?
633
Calculate the greatest common factor of 45 and 288720.
45
What is the greatest common divisor of 12493 and 792825?
961
What is the greatest common factor of 603 and 207?
9
Calculate the greatest common factor of 202 and 2929.
101
Calculate the highest common factor of 18 and 6486.
6
What is the highest common factor of 36 and 6552?
36
Calculate the highest common factor of 139395 and 15.
15
What is the greatest common factor of 9765 and 4050?
45
Calculate the highest common factor of 22099 and 23177.
539
Calculate the highest common factor of 662095 and 35.
35
Calculate the greatest common factor of 764016 and 11.
11
What is the greatest common divisor of 23601 and 12?
3
Calculate the highest common factor of 20212 and 16.
4
Calculate the highest common factor of 77 and 2651.
11
Calculate the highest common factor of 6 and 2849874.
6
What is the highest common divisor of 293139 and 1782?
891
What is the highest common divisor of 108224 and 832?
64
Calculate the greatest common factor of 499 and 2368753.
499
Calculate the highest common factor of 68 and 64464.
68
Calculate the greatest common factor of 162045 and 117.
117
Calculate the highest common divisor of 225446 and 58.
58
Calculate the highest common divisor of 2175 and 136725.
75
What is the highest common divisor of 186 and 48918?
186
What is the greatest common divisor of 33098 and 58357?
871
What is the greatest common divisor of 31 and 4216?
31
What is the greatest common factor of 16416 and 17064?
216
Calculate the highest common divisor of 253944 and 144.
72
Calculate the greatest common divisor of 62381 and 21935.
107
What is the highest common divisor of 26 and 8593?
13
Calculate the greatest common factor of 17200 and 5350.
50
Calculate the greatest common factor of 3210 and 540.
30
What is the greatest common divisor of 390 and 3514615?
65
What is the greatest common factor of 23198 and 35?
7
Calculate the greatest common factor of 3423 and 53697.
21
What is the highest common divisor of 91 and 34450?
13
What is the greatest common factor of 5917 and 218990?
61
What is the highest common divisor of 453611 and 85?
17
Calculate the highest common divisor of 189059 and 26.
13
What is the greatest common factor of 416 and 3380?
52
Calculate the highest common factor of 960 and 109200.
240
Calculate the highest common divisor of 1682284 and 4.
4
Calculate the greatest common divisor of 112 and 15184.
16
Calculate the highest common divisor of 1159710 and 6.
6
Calculate the greatest common divisor of 100 and 203900.
100
Calculate the greatest common factor of 49703 and 23.
23
What is the greatest common factor of 156 and 155352?
12
What is the highest common divisor of 891 and 3726?
81
Calculate the highest common divisor of 220045 and 2065.
35
Calculate the highest common divisor of 6 and 27666.
6
Calculate the greatest common factor of 1173 and 29118.
69
Calculate the highest common divisor of 21 and 102431.
7
What is the greatest common factor of 153 and 61182?
9
Calculate the greatest common factor of 5830 and 220.
110
What is the greatest common divisor of 10 and 26644?
2
What is the greatest common factor of 15824 and 15088?
368
What is the greatest common divisor of 34372 and 39?
13
What is the greatest common factor of 936063 and 703?
37
Calculate the greatest common divisor of 6 and 99684.
6
What is the highest common factor of 22618 and 559?
43
What is the highest common divisor of 636 and 30687?
159
Calculate the greatest common factor of 1053 and 126.
9
Calculate the greatest common factor of 3024 and 1743.
21
What is the greatest common factor of 5489 and 550?
11
Calculate the greatest common divisor of 115182 and 15958.
158
What is the highest common factor of 165 and 24120?
15
Calculate the greatest common divisor of 2759994 and 18.
18
Calculate the highest common divisor of 1395 